t is the units digit of w?
1
Let h(b) = -b**3 + b**2 + b. Let p(r) = 3*r**3 - 5*r**2 - 3*r + 8. Let d(a) = 4*h(a) + p(a). What is the units digit of d(0)?
8
Let c(l) = 2*l**2 - 4*l + 3. Let a be c(2). Suppose w = -a*w + 8. What is the units digit of w?
2
Let m = -14 - 1. Let h = m - -17. What is the units digit of h?
2
Let z = 66 - 39. Let u = z + 20. What is the units digit of u?
7
Let k(a) = 2*a**2 - 2*a - 3. Let g be k(6). Suppose -4*z + 14 = -6. Suppose -17 + g = z*x. What is the units digit of x?
8
What is the units digit of 2/(-10) + 1986/30?
6
Let k = -2 - -7. Let o = k + -2. What is the units digit of o?
3
Suppose 3*x - 4*j - 28 = 0, 20 = 5*x - 2*x - 2*j. What is the units digit of (-1)/(x/(-172)) - -1?
4
Suppose 4*n + 5*h - 121 = 0, 7*n - 2*n = -2*h + 130. What is the tens digit of n?
2
Let t(k) = k**2 + 7*k - 7. Let s(x) = x. Let h(r) = 2*s(r) - t(r). What is the units digit of h(-6)?
1
Let r(z) = -z**2 + 12*z - 4. Let u be r(8). Suppose n = -11 + u. What is the tens digit of n?
1
Suppose 0 = -4*s + 98 + 50. What is the tens digit of s?
3
Let d = -171 - -242. What is the units digit of d?
1
Let c(z) = z**3 + 6*z**2 + 4*z - 4. Let m be c(-5). What is the units digit of m - 3 - -1 - -5?
4
Let z(r) = 12*r**3 + 2*r**2 - 3*r + 3. What is the units digit of z(2)?
1
Suppose 5*z - 79 = 56. What is the units digit of z?
7
Suppose 3*a - 9 - 123 = 0. What is the tens digit of a?
4
Let o be 4 - ((-6)/(-2) - 2). Let w = 13 - o. Let y = w + 0. What is the units digit of y?
0
Let c(a) = 5*a**2 - 3*a + 3. Let u be c(-3). Let b be (-3 + u/12)*4. Suppose -26 = -3*g - 4*o, -4*o + b*o = 15. What is the units digit of g?
2
Let q be (-3)/6 - 1/(-2). Suppose 5*h + l = -4*l - 10, -5*h + 5*l + 10 = q. Suppose h = -2*c + 5*c - 27. What is the units digit of c?
9
Suppose 0*r - 3*c + 11 = r, 0 = -2*r + 4*c + 32. Let p = r + 3. What is the tens digit of p?
1
Suppose 91*i - 94*i = -951. What is the units digit of i?
7
Let t(p) = p**2 - 8*p + 5. Suppose -5 = -2*g + 7. Let n be t(g). Let b(h) = -h**3 - 7*h**2 - 3*h - 8. What is the tens digit of b(n)?
1
Let f(n) be the third derivative of -n**4/24 - n**3/6 - n**2. Let l be f(-7). What is the units digit of -6*(0 + (-4)/l)?
4
Let g(i) = i**2 - 3*i. Let b be g(2). Suppose 4*k = -12, 5*k = -5*o - 0*o - 55. What is the units digit of 0 - (1 - (b - o))?
5
Suppose 0*s = -12*s + 2580. What is the tens digit of s?
1
Suppose -2*s + 219 - 13 = 0. What is the tens digit of s?
0
Let k = -17 - -50. Let c = -22 + k. What is the units digit of (c + 1)/((-9)/(-6))?
8
Let y(f) = -2*f**2 + 5*f - 2*f**2 + 0*f**2 + 5 + 3*f**2. What is the units digit of y(5)?
5
Suppose 5*g - 27 = 2*g. Let l(k) = k - 19. Let t be l(g). Let h = t - -13. What is the units digit of h?
3
Suppose s + s - 3*b + 1 = 0, 2*b = -2*s + 14. Suppose 51 = -l + s*l. What is the units digit of l?
7
Let d(k) be the second derivative of -5*k**3/6 - 7*k**2/2 - 4*k. What is the units digit of d(-5)?
8
Suppose 4*a - 765 = -5*a. What is the units digit of a?
5
Let u(b) = 6*b - 1. Let l(x) = 5*x - 1. Let c(g) = 7*l(g) - 6*u(g). Let m be ((-14)/(-4))/((-1)/2). What is the units digit of c(m)?
6
Let l be -2*(3/(-2) + -1). Suppose c = -4*w - 2*c + 75, w = -2*c + 20. Suppose -4*i = -l*d - w, 0*d - 31 = -3*i - 5*d. What is the units digit of i?
7
Let c(l) = -l + 3*l**2 + 6*l + 2 - 4*l**2. Let u be c(5). What is the units digit of 1 + 24/(6/u)?
9
Suppose 5*l - 57 = -3*q, -7*q + 3*l + 61 = -2*q. What is the units digit of q?
4
Suppose 4*c - 14 - 10 = -4*d, -4*d = -4*c - 8. Suppose 3*g - 135 = -c*g. What is the tens digit of g?
2
Let a = 6 - 3. Suppose 2 = -c - c - 4*i, a*i = -4*c + 1. What is the units digit of (-3 + 2)/(0 - c)?
1
Let t = -2 + 2. Suppose -4*d + 5 + 11 = t. Suppose 3*i = -d*j + 5, -i = j + 2*i + 1. What is the units digit of j?
2
Let g = 11 - -4. What is the units digit of g + -5 + (-2 - -4)?
2
Let g(o) = -2*o - o + o**2 - 2 + o. What is the units digit of g(-2)?
6
Let p(g) = 9*g. Suppose 4*m - 14 = -2*j, -2*m + 0*j - 18 = -4*j. What is the units digit of p(m)?
9
Let t(v) = 5*v**2 - v + 2. Let i(a) = -a + 7. Let b be i(0). Suppose -b + 1 = -3*h. What is the tens digit of t(h)?
2
Let t(g) = -17*g - 22. What is the tens digit of t(-5)?
6
Let d = 64 - 37. What is the tens digit of d?
2
What is the tens digit of (-1 - -16)*(-42)/(-18)?
3
What is the hundreds digit of 42/(0 + 12/104)?
3
Suppose 6*m = 2*m + 24. What is the units digit of m?
6
Let l(j) = 2*j**2 + 2. Let z be l(3). Suppose -z = -x - d, 39 = x + 5*d + 11. What is the units digit of x?
8
Let t(d) = d**2 - d. Let o be t(1). Let n(a) = a + 2. Let s be n(o). Suppose -s*y + 3*r + 26 = 0, -8*y + 4*y + 60 = -2*r. What is the units digit of y?
6
Suppose 0 = 5*o - 274 + 14. Suppose o = 3*g + 5*u - 112, -u = -2*g + 118. Let b = -36 + g. What is the units digit of b?
2
Suppose 5*g + 0*g - 475 = 0. What is the tens digit of g?
9
Let n(l) = 7*l + 8. Let s be n(-7). Let o = -25 - s. What is the tens digit of o?
1
Let x(r) be the first derivative of r**2 - 4*r + 1. Suppose 0 = -5*c + 14 + 16. What is the units digit of x(c)?
8
Let k be (-1)/((-1)/2) - -1. Let h(d) = 2*d + 3 - 3 + 1. What is the units digit of h(k)?
7
What is the tens digit of (-56 + -14)/((-1)/2)?
4
Suppose 18 = 34*p - 31*p. What is the units digit of p?
6
Let i = -15 + 24. Suppose 4*s = 47 + i. What is the units digit of s?
4
Let w = 4 + 32. What is the units digit of w?
6
Suppose 2*n + 4*w + 7 = 31, w + 8 = 3*n. Let d = n - 3. Suppose 2*c - 5*g = d, -3*c + g - 4 = -12. What is the units digit of c?
3
Let b(m) = 11*m**2 - 3*m + 5. What is the tens digit of b(3)?
9
Let m(n) be the third derivative of n**4/24 + 3*n**3 - 5*n**2. What is the units digit of m(0)?
8
Suppose -8*x + 9*x = 35. What is the units digit of x?
5
Let b(s) be the first derivative of 0*s**3 - 1/4*s**4 + s + 0*s**2 + 2. What is the units digit of b(-1)?
2
Let k(q) = -1 - 2*q + 1 + 1 + 14*q**3. What is the units digit of k(1)?
3
Suppose -2*i - h - 12 = 0, 4*i - 2*h = 2*i. Let m(n) be the first derivative of n**3/3 + 3*n**2/2 + 2*n - 1. What is the units digit of m(i)?
6
Let l be (-32 - 1)*2/(-6). Let u be (-6)/33 - 130/l. Let p = -6 - u. What is the units digit of p?
6
Let d be (-5)/(15/(-12))*2. Suppose 0 = -t + i - 4, -t + d = -0*t + 2*i. Suppose -2*z + 3*z - 12 = t. What is the units digit of z?
2
Suppose -5*u = -5*p - 7*u + 1008, -p - 2*u + 200 = 0. What is the tens digit of p?
0
Let n = -1 + 5. Let i(z) = 1 + 5 + z**2 - 3*z + 0*z**2. What is the tens digit of i(n)?
1
Suppose y + 2*s + 0*s = -10, 0 = 5*y - 5*s - 25. Suppose 3*p + 2 - 24 = 5*c, -3*c + 2 = 2*p. Suppose y*h - 20 = -p*h. What is the units digit of h?
5
Let z(u) = -3*u - 23. What is the units digit of z(-10)?
7
Suppose 38 = 2*s - p, -37 = 4*s - 3*p - 109. What is the units digit of s?
1
What is the units digit of (7/2)/((-1)/(-10))?
5
Let i(r) be the first derivative of r**4/4 - 2*r**3 - 3*r**2 + 2*r + 3. What is the units digit of i(7)?
9
Suppose -2*d + 10 + 0 = 0. Let o be d/20 - (-126)/8. Let n = o - 1. What is the units digit of n?
5
Let q(z) be the first derivative of z**2 - 2*z - 3. Let u be q(5). Let k = u - 1. What is the units digit of k?
7
Let g be (-44)/(-10) + 4/(-10). Let d(i) = -i + g + 3 - 3. What is the units digit of d(-4)?
8
What is the units digit of 2/(-9) + 1855/45?
1
What is the tens digit of (29 + (-12)/3)/1?
2
Suppose -6*s = -3*s. Suppose 2*i + q - 16 = 5*q, s = 3*q - 15. What is the units digit of i?
8
Suppose 7*y = 4*y - 9. What is the units digit of 9/2*(-4)/y?
6
Let j = -16 - -21. What is the units digit of j?
5
Suppose -3*a + 3 + 12 = 0. Suppose y = 3*p - y - 2, -a*p + 40 = 4*y. What is the units digit of p?
4
Let y = -4 + 1. Let s = y + 20. What is the tens digit of s?
1
Suppose 0 = 4*y - 179 - 121. What is the tens digit of y?
7
Let o(u) = -9*u + 6. Let z be o(-7). Suppose -i = -4*i + z. What is the tens digit of i?
2
What is the tens digit of 4/(-10) + (-354)/(-10)?
3
Let c(i) = -22*i**3 + i**2. Let y be -1 + 1 + -1 + 0. What is the units digit of c(y)?
3
What is the units digit of 3 + -3 + -1 - -15?
4
What is the tens digit of 2/12 - 1370/(-60)?
2
Suppose -g + 105 = 3*k + 2*g, -156 = -4*k + 4*g. What is the units digit of k?
7
Suppose -4*s - 5*z + 113 = 0, 3*s = 2*z - 5*z + 81. What is 